. Let d be (-10)/(-65) - (-12)/(-78). Suppose 9*p - 6*p - k = d. Is p composite?
True
Let t be -3 - (-1896 - 4/1). Suppose -4*h + t = -2907. Is h composite?
False
Let t = -3122 - -5455. Is t prime?
True
Let d = 28238 + -13131. Is d a prime number?
True
Let s = 10 - 10. Suppose 2*i - 6 = -s. Suppose u + i*u = 148. Is u a composite number?
False
Let o(u) be the second derivative of -3/2*u**2 - 5*u + 1/3*u**3 + 0 - 1/4*u**4 + u**5. Is o(2) a composite number?
False
Let q be (0 - -641) + 9 + -4 + -6. Let x = q + 249. Is x a prime number?
False
Let d(n) be the first derivative of -4*n + 7/4*n**4 + 3/2*n**2 - 5/3*n**3 + 10. Is d(3) composite?
False
Let u(x) = x**2 + 5*x - 3. Let t be u(-6). Let v = -11 + t. Let q(w) = 8*w**2 - 3*w + 5. Is q(v) a prime number?
True
Suppose -5*o + 2*s = 2373 + 978, 5*o = -3*s - 3336. Let t be 9/3 + (-666)/2. Let x = t - o. Is x composite?
True
Is (-1)/7 - (0 + (-107048)/28) composite?
False
Suppose -6013 = 12*v - 13*v - 4*y, 17999 = 3*v + 4*y. Is v prime?
False
Is (152/(-16) - -9)*60892/(-2) a prime number?
False
Is (-15)/20 - 240995/(-20) prime?
True
Let u(k) be the third derivative of 275*k**4/12 - k**3/2 - 2*k**2. Is u(2) composite?
False
Let g be (36 - -1)*(-2 + 3). Let p = -15 + g. Suppose 0 = a + 3*b - p, -62 = -4*a + 4*b + 74. Is a composite?
False
Suppose -t - 4*v = -13, 5*t - 34 - 9 = 2*v. Suppose -t = 4*m - m - 3*h, -3*m = -2*h + 6. Suppose -7*f + 0*f + 2149 = m. Is f a prime number?
True
Let z(o) = 0*o + o**2 - 13 - 9*o + 0*o. Let i be -5*32/(-40) - 13. Is z(i) a composite number?
False
Suppose -o + 7633 = -3*g, 17*o - 12*o + g = 38165. Is o a prime number?
False
Suppose -11*c = -15*c + 7860. Suppose 2*z - 3*h = 1967, 3*z - z = 5*h + c. Is z a prime number?
False
Suppose -14*y + 3641 = -3*y. Is y a composite number?
False
Let r(u) = 4892*u - 43. Is r(3) a prime number?
True
Let d(h) = 46*h**2 + 12*h - 4. Let p be d(5). Suppose 4*f = -5*i + 3825, -4*f + p = -4*i + 4302. Is i composite?
False
Suppose 28950 = 3*l + 3*o, 0 = l + 4*o - 7983 - 1676. Is l composite?
True
Let x be (-14)/14*(15 + 0). Let h be x/(-60) + 7/4. Let b(q) = 19*q - 1. Is b(h) a prime number?
True
Suppose -5*q - u - 48775 = -10*q, 2*q = -4*u + 19488. Is q prime?
False
Suppose 0 = -19*n + 22*n - 21. Suppose -n*y + y = -1266. Suppose -y = -3*f - 40. Is f a composite number?
True
Let o = -131 - -131. Is o - ((-12)/(-12))/(2/(-92)) a composite number?
True
Let u(v) = -8*v + 1. Let s be u(1). Let i = 11 + s. Suppose -i*m = -809 + 45. Is m prime?
True
Suppose -8670 = -9*g + 553965. Is g a prime number?
False
Let a(v) = v**3 + 5*v**2 + 6*v + 27. Let k be a(-5). Let b(n) = -327*n + 4. Is b(k) a composite number?
True
Suppose 5*x + 4 = 9*x. Let v be (-910 + 2)*(x + -2). Suppose 3*l - v = 715. Is l a prime number?
True
Is 3/2 + 238830/228 composite?
False
Suppose 2*t = -4*w + 109607 + 44443, 4*w - 5*t = 154085. Is w composite?
True
Let u be 2276/(-6) - (-10)/30. Let a = -139 - u. Suppose 0 = h - 25 - a. Is h prime?
False
Suppose 0 = -j + 2*j - 1. Is j/((-4)/(-528)) + 1 a composite number?
True
Suppose 3*f - p - 30812 = 10134, p = 4*f - 54595. Is f composite?
False
Let a(n) = 0 - 2*n**2 + 2*n**2 + 14*n**2 - 5 + 10*n**2. Let t(k) = k**3 + 7*k**2 + 8*k + 8. Let h be t(-6). Is a(h) prime?
True
Suppose -n + 20 = 3*n. Suppose n*r = -4*v + 5558, 2*r + v - 3*v = 2216. Suppose -4*u + r = 5*d - 205, -2*d + u + 513 = 0. Is d prime?
False
Let u(n) = -574*n**3 + n**2 + 2*n + 1. Let y be u(-1). Let g = -165 + y. Is g prime?
True
Let w be 3 + -4*5/(-20). Suppose 4*j = w*i + 3820, -2*i - i = -2*j + 1912. Is j a prime number?
True
Let f(m) be the third derivative of 71*m**4/24 + 35*m**3/3 + 17*m**2. Is f(11) composite?
True
Suppose 2026 = 2*g - 5*p, 5*g - 5019 = -0*g + p. Is g a prime number?
False
Suppose s - 1489 = 405. Let l = s + -3136. Is (l/15 + -1)*-5 prime?
True
Let r be 34/14 - (-30)/(-70). Suppose 5*s - 10769 = r*m, 5*s + 3*m = 765 + 10019. Is s a prime number?
False
Let n = 16 + -13. Suppose -d - m + 7 = n, 3*m = 4*d - 16. Is 5*(-92)/d*-1 a prime number?
False
Let b(a) = 3*a**2 + 3*a - 8. Let d be b(8). Suppose o - 4*m = -60, -4*m = 3*o - 2*m + d. Let f = o - -99. Is f a prime number?
True
Let g be (36/(-27))/(2/18). Is ((-15)/g*-2)/(3/(-42)) a prime number?
False
Let b be 5 + -2 + (803 - -5). Suppose b = 4*k + 223. Suppose -105 = -2*a + c, -387 + k = -5*a - 5*c. Is a prime?
False
Suppose -4*g - 3*o + 5 = -8*o, -2*g = -5*o + 5. Suppose -3 = 2*q - 3*z + 2, 2*z = -g*q + 16. Suppose -q*t + 4*t = -v + 41, -4*v + 144 = -2*t. Is v composite?
False
Let r = -1131 - -2120. Is r a prime number?
False
Let s = -60 + 62. Suppose -4*r = s*r - 8418. Is r a composite number?
True
Suppose 5*s + 55 = -4*r - r, 0 = 4*s - 16. Let f = r - -30. Is f prime?
False
Let l(j) = j**3 - 7*j**2 + 10*j. Let n be l(5). Suppose n = 4*k - 5*p + 31, 0*p - 15 = -5*p. Let v(g) = -17*g**3 - 2*g**2 - 4*g - 3. Is v(k) composite?
False
Let r(l) = -33*l + 30. Let n be r(8). Let m = -92 - n. Is m prime?
False
Is (-38492)/22*(-1320)/240 a composite number?
False
Let a = 13996 + 9403. Is a a prime number?
True
Suppose 2*n - 3*h = 16, n - 4*h = 18 - 0. Let v = 76 + -72. Suppose v*u + 2*y = -n*y + 2008, -2*y = 4*u - 2002. Is u a prime number?
True
Let a(r) = 28*r + 8 + 15*r + 128*r. Is a(3) composite?
False
Let m = 1 + 6. Let k(v) = m + 7*v**2 + 2*v**2 - 21 - 4*v - v**3 + 7. Is k(6) a composite number?
True
Suppose -3*w = 5*k - 1382, -5*k + 1384 = 2*w - w. Suppose -r - k = -5*q, q - 5*r + 45 = 2*q. Is q a prime number?
False
Let k = 20 - 14. Let y(o) = 3*o**3 + 5*o - 4. Is y(k) composite?
True
Suppose -37*l = -50*l + 119379. Is l prime?
False
Is (6971/3)/(18/432) + -5 composite?
False
Let n be (-3)/15 - 12932/(-10). Suppose 5*i - 624 = -2*a + 699, -2*a = -i - n. Is a composite?
True
Suppose 5*v = 4*s + 54103, 4*v = -14*s + 9*s + 43307. Is v a prime number?
False
Let b = -9610 + 18177. Is b a composite number?
True
Suppose 5*r - d - 198237 = 0, r + 2*d - 18022 - 21621 = 0. Is r composite?
True
Is 2/(70/(-12747))*(-6 - -1) a prime number?
False
Suppose -2*k + 3*c = -22, -4*c - 11 - 20 = -3*k. Suppose 0 = 4*l - 20, k*r - 4322 = 2*r - l. Is r a composite number?
False
Let l = 14 - 11. Suppose -l*u + 234 = -u. Suppose -5*g = -a + u, a = -a + 3*g + 248. Is a prime?
True
Suppose -9*u + 299220 = u. Suppose -c = 5*c - u. Is c a composite number?
False
Let g(x) = -8*x + 549. Is g(7) composite?
True
Let n(f) = 11*f**3 - 23*f**2 - 25*f + 89. Is n(18) a prime number?
False
Let b(k) = -4208*k - 49. Is b(-2) a composite number?
True
Suppose 9*f - 5419 = 15209. Is ((-6)/24)/((-3)/f + 0) prime?
True
Let n be 2/(4/(-6506)) + 3/(-1). Let h = -1775 - n. Is h composite?
False
Let v be (1 - -1)/(8/(-20)) + 3. Is 165 + 0 + 0 - v a composite number?
False
Suppose -3*o + 3*p = -11382, 0 = 5*o + 2*p - 18314 - 649. Is o prime?
True
Suppose -2*y - 2*y + 4*k - 12 = 0, 0 = 5*y + k + 9. Let r be (y + 8 - 2) + -2. Suppose 3*a + 3*f - 849 = 0, 0*a + r*a - 590 = 4*f. Is a composite?
True
Let y be 2/(-14) - 45/(-21). Suppose -2*d - 4*o = 0, y*d + 0*d - 4*o + 8 = 0. Is (-8)/d + (-5 - -54) prime?
True
Let b = -14 - -14. Suppose b*k + 5*k = 1055. Suppose -2*g = -3*g + k. Is g prime?
True
Let i(j) = 2*j + 16. Let r be i(-8). Suppose 3*v - 5*t - 978 = r, 8*t = 4*t + 12. Is v a prime number?
True
Let u = 10474 + -6683. Is u a composite number?
True
Let m(q) = -9612*q + 271. Is m(-4) prime?
False
Let d be (((-40)/(-3))/(-5))/(2/(-3)). Suppose -3*s - 2*s = 3215. Is 6 - 4 - s - d composite?
False
Let h = -3497 + 12215. Suppose -4*w = -4*q - 5*w + h, 0 = q + 5*w - 2189. Is q a prime number?
True
Let g(f) = -39*f**3 - 6 - 1 + 27*f**3 + 3*f**2 - 2*f. Is g(-6) prime?
False
Is 4102848/99 + 1/11 prime?
True
Let c = 10033 + -4968. Is c a composite number?
True
Let r(p) = -p**2 - 8*p - 11. Let g be r(-3). Suppose -g*l + 512 = i, 2*l - 174 = -i + 84. Is l composite?
False
Suppose -4368 = 2*p - 4*p + 5*o, -3*p + 4*o + 6538 = 0. Is p a prime number?
False
Let f(k) = -1002*k + 823. Is f(-19) composite?
False
Is ((-3)/9*3)/(3/(-4983)) a prime number?
False
Let w = -136 - -141. Suppose -w*f = 0, d - 2*f - 10078 = -d. Is d prime?
True
Suppose 2*y + 4063 = 3*y. Is y prime?
False
Let s be (1 - -11) + -5 + 3. Suppose -3*g + s = -2*u + u, 2*u = 4*g - 10. Let 